
Let t(l) be the first derivative of l**4/4 - 3*l**3 - 5*l**2 + 26*l + 4835. Give t(8).
-118
Suppose -79*x + 76*x - 15 = 0, 3*o = -4*x + 124. Suppose o*d - 17*d - 124 = 0. Let b(v) = 2*v - 2. Let h(q) = 1. Let s(i) = b(i) - 2*h(i). Calculate s(d).
4
Let h(p) = -p**3 + 3*p**2 - 2*p - 7. Let a = 65 - 24. Let l = -45 + a. Let d(u) = 2*u**3 - 5*u**2 + 5*u + 15. Let o(v) = l*d(v) - 9*h(v). Give o(7).
-11
Let u(a) = -10*a**2 - 2*a + 4. Let d(b) = -32*b**2 - 5*b + 11. Let x(f) = -3*d(f) + 8*u(f). Give x(-1).
16
Let r(f) = 15*f - 57. Let w(t) = -17*t + 63. Let m(a) = 8*r(a) + 7*w(a). What is m(7)?
-8
Let i(q) = 8*q**3 + 4*q**2 - q. Let o(d) = 7*d**3 + 3*d**2 - d. Let h(l) = 5*i(l) - 6*o(l). Suppose -17*a - 80 + 46 = 0. What is h(a)?
22
Let d(c) = -c - 244. Let m(n) = -7*n + 732. Let k(b) = 7*d(b) + 2*m(b). What is k(-11)?
-13
Suppose 6*f + 19*f + 96 = 9*f. Let h(a) = 9*a + 60. What is h(f)?
6
Suppose -3*q - h + 121 = 0, 2*q - 43 = q + h. Suppose -7*u = -q - 15. Let o(s) = -s**2 + 8*s + 6. Determine o(u).
6
Let y(x) = x + 4. Let g be 34/((-18)/(-42) - 143/(-91)). Calculate y(g).
21
Let g(a) = -4*a - 10*a + 13*a - 2*a - 9. Let h(n) = -n + 3. Let l be h(-7). Suppose 16 = 8*c - l*c. Calculate g(c).
15
Let d(z) = 7*z - 10. Let t(s) = -7*s + 11. Let x(u) = -4*d(u) - 5*t(u). Suppose 0 = -r + o + 10, 0 = -12*r + o + 108 - 65. Determine x(r).
6
Let o(x) be the third derivative of 1/120*x**6 - 212*x**2 - 1/6*x**5 + 11/24*x**4 - 5/3*x**3 + 0 + 0*x. Calculate o(9).
8
Suppose -3*m + 7*m - l = -194, 4*m + 202 = -3*l. Let s = -43 - m. Let g(y) be the second derivative of y**3/3 - 5*y**2/2 + 12*y. Determine g(s).
7
Let p(s) = s**2. Let q(n) = 6*n - 5. Let o(t) = p(t) + q(t). Suppose -16 = 6*u + 8. Let r be 8/10*10/u*3. Determine o(r).
-5
Let d(k) = 8*k - 1. Let w(m) = -12*m - 11. Let j be w(-2). Suppose -j*y + 8*y = -10. Suppose 4*x + y + 19 = -5*l, 4*x - 14 = 2*l. Calculate d(x).
7
Let h(w) be the second derivative of -w**4/4 - w**3 - 9*w**2/2 - 162*w. What is h(-2)?
-9
Let f(b) = b**3 + b + 2. Let y(m) be the first derivative of -1/3*m**3 + m - 5 - 1/2*m**2. Let j(g) = -f(g) + y(g). Calculate j(-2).
7
Let c(k) = k - 3*k**2 + 3*k**2 + 8*k**3. Let u(f) = -f**3 - 4*f**2 - 4*f - 47. Let l be u(-9). Let w = 395 - l. Give c(w).
9
Let o(t) be the third derivative of t**5/60 + 35*t**4/24 - t**3/3 - 8135*t**2. What is o(-35)?
-2
Let t(h) = 14*h**2 - 7*h**2 - 37*h**2 + 29 + h - 29. What is t(1)?
-29
Let o(g) = -g**3 + 4*g**2 + 5*g - 3. Let t = 1027 + -1023. Give o(t).
17
Let f = 18 + -25. Let m = 13429 + -7925. Let g(c) = m*c - c**2 - 5512*c - 9 + 0*c**2. Calculate g(f).
-2
Let w be 1/6 - (710/84 + (-100)/350). Let b(r) = -3*r. Give b(w).
24
Let p(n) = -5*n**3 - 3*n**2 + 2*n - 3. Let y = -26763 + 26760. Calculate p(y).
99
Let m(b) be the first derivative of -17*b**3/3 + 53*b**2/2 - 53*b - 3391. What is m(1)?
-17
Let w(v) be the first derivative of 1/2*v**2 - 21*v + 176. Give w(14).
-7
Let p = -525 - -556. Suppose 5*i + 2 = g, -p*i + 2 = -32*i. Let f(x) = -x**3 - 9*x**2 - 7*x + 11. What is f(g)?
3
Let u(z) be the first derivative of 0*z**2 + 0*z - 1/3*z**3 - 36 + z**4. Let l(s) = -s**2 + 2*s + 9. Let m be l(4). What is u(m)?
3
Let n be (0/(-4) - 4)/(1 + -3). Let j(b) = b**3 + 4*b**2 - 3. Let v be j(-3). Let w(s) = -v*s**2 + 4*s**2 - 2 + 3*s + s. Determine w(n).
-2
Let u(o) = o**2 + 40 - 64 - 4 + o. Determine u(0).
-28
Let t(j) = 30*j - 2*j**2 + 0*j - 16 - 9*j - 3*j. Let k be t(8). Suppose -10*d + 3 + 7 = k. Let a(c) = -6*c**2 - 2*c + 1. Give a(d).
-7
Let w(z) be the third derivative of -1/60*z**5 + 0*z - 11/60*z**6 + 141*z**2 + 1/6*z**3 - 1/24*z**4 + 0. Determine w(1).
-23
Suppose 3*o + 3 = 4*d - 8, -2*d + 4*o - 2 = 0. Suppose 0 = 3*z - 1 - d. Let q(w) = 5 - 2 + 24*w**z - 23*w**2 - 4*w. Calculate q(4).
3
Let q(d) = 17*d - 85 + 189 + 129. Determine q(-14).
-5
Let i = 10 - 5. Suppose 2*a = i*a + 9. Let y(p) = -5*p - 84. Let m(f) = 21*f + 333. Let g(o) = m(o) + 4*y(o). Calculate g(a).
-6
Let p(r) be the second derivative of -r**7/840 + r**6/40 - 11*r**5/120 + r**4/3 - 70*r**3/3 + 18*r. Let f(y) be the second derivative of p(y). Determine f(8).
-16
Let c(t) = t**3 + 4*t**2 - 18*t - 30. Let n be c(-6). Let x(k) = -3*k**2 - 2*k + 9. Let r(d) = -13*d**2 - 8*d + 36. Let i(j) = 2*r(j) - 9*x(j). Give i(n).
39
Let k(q) = 10*q**2 - q. Let p be k(1). Let w(b) = 13 + 7 - 10445*b + 10441*b - 10. Give w(p).
-26
Suppose 405*c + 4 = 404*c - 2*k, 59 = -5*c + 3*k. Let j(o) = o**2 + 17*o - 15. Give j(c).
-85
Let u be (-1 - 4 - -3) + 4. Suppose u*n - 15 = -5*q, -12 = 4*q - 8*q + n. Let z(d) = d**q - 6*d - 20*d**2 + 0 + 3*d**2 + 13*d**2 + 7. Calculate z(5).
2
Let a(p) = 3*p - 2. Suppose -3*g - 14 = v + 105, -121 = 3*g - v. Let x = 42 + g. Calculate a(x).
4
Suppose 9*s + 4 = 10*s. Let h(x) = 2*x + 0*x**3 + 5*x**3 - 3*x**2 - 5 - s*x - 6*x**3. Give h(-3).
1
Let w(y) be the third derivative of -y**6/120 + y**5/15 - y**4/24 - 7*y**3/6 + y**2 - 137*y. Suppose -4*h = 0, 5*l + 2*h + 1 - 26 = 0. Give w(l).
-37
Let s be (18/10)/(28/(-140)) + 8. Let w(u) = 39*u**3 - 3*u**2 - 2*u. Calculate w(s).
-40
Let d(f) = -8*f + 80. Let p(x) = -2*x**2 + 70*x - 123. Let l be p(33). Give d(l).
8
Suppose 229*z = 195*z - 340. Let s(n) = -n**3 - n**2 + 89*n + 3. Calculate s(z).
13
Let h(w) = w**2 + 11*w + 12. Suppose -5*k + 45 = 25. Suppose -5*l + 5*u - 45 = 0, -l + k*u = 8*u + 14. Give h(l).
2
Let o(i) be the first derivative of i**4/4 - 4*i**2 + 14*i + 2278. Determine o(2).
6
Suppose -5*o + 4*t + 71 = 0, 2*o - 4*t = 3*o + 5. Let p(a) = 5*a + 6. Let n be p(o). Let r(u) = -62*u - 1 - 1 + n*u. What is r(-3)?
1
Let q(i) = -10 + 6*i**3 - 9*i**2 - 9 + 25 + 4*i. Let n(l) = -5*l**3 + 10*l**2 - 3*l - 6. Let k(m) = -5*n(m) - 4*q(m). Give k(14).
-8
Suppose 0*r - 4*r + 48 = 0. Suppose 3*x + r = 6*x. Let o(l) = -3*l**2 + 23*l + 21*l - 41*l - x + 4*l**2. Determine o(-5).
6
Suppose -2*d + 39 = 39. Let z(j) = -79 + 141 + j**3 - 6*j - 64 + d*j**2 + 2*j**2. Determine z(-4).
-10
Suppose i + 17 - 7 = -3*h, -2*i + 3*h = -16. Let r(x) = -x**2 + 8*x - 7. Give r(i).
5
Let r be 9/(-2)*96/(-144). Let h(u) = 3*u**2 - 19*u - 3. Let y(p) = -2*p**2 + 10*p + 1. Let v(a) = r*h(a) + 5*y(a). Give v(-3).
8
Let b(z) be the first derivative of -3*z**2/2 - 25*z + 2. Let c be ((-336)/189)/(-4) + (-170)/18. Let i be b(c). Let j(k) = -3*k - 2. Determine j(i).
-8
Let x be ((-7)/(14/(-8)))/(-2 - (-7 - -7)). Let t(m) = -2*m**2 + 12*m + 26. Give t(x).
-6
Let t(n) be the third derivative of 0*n**3 - 1 + 1/15*n**6 - 15*n**2 + 0*n - 1/24*n**4 + 1/30*n**5. Give t(1).
9
Let r(o) = 1400*o - 1401*o - 1 + 4. Let t(d) = 58*d + 5. Let m be t(0). Calculate r(m).
-2
Let a(l) = l**3 - 14*l**2 - 31*l - 11. Let u be a(16). Suppose 4*i + u = -23. Let h(j) = j**2 + 9*j. Give h(i).
-14
Let a(n) be the third derivative of n**5/60 + 3*n**4/8 + 7*n**3/6 - 28*n**2. Let d(u) = -2*u**2 - 20*u - 15. Let s(k) = 13*a(k) + 6*d(k). Calculate s(3).
1
Suppose y - 6 = -z, z = y - 52 + 48. Let p(s) = -5 - y*s**3 + 13*s**3 + s**2 - s - 9*s**3 + 2*s. Let w(g) = g - 3. Let v be w(3). Give p(v).
-5
Let l(j) = -606*j + 603*j - j**3 + 4 - 6 - 4*j**2 + 0. Let c(h) = h**3 - 35*h**2 - h + 32. Let i be c(35). What is l(i)?
-2
Suppose 391 = 5*x - 2*d - d, -3*x = d - 243. Let b = x - 72. Let q(l) = -13*l**2 - b + 3*l**2 + 8. Calculate q(-1).
-10
Let u be (-8)/12 + 21/(-9). Let m be -3*(12/(-9) - u). Let j(x) be the first derivative of x**2/2 - x + 53. Give j(m).
-6
Let l(r) = -r**3 - 4*r**2 + 3*r - 3. Let m = 40 - 45. Let k be l(m). Let d(z) = k*z + z**3 - 11*z + 5*z + 13. Calculate d(0).
13
Let n(q) = -2*q**3 + 7*q**2 + 34*q - 128. Let f be n(4). Let a(y) = -7*y - 78. Give a(f).
-22
Suppose -39*l - 941 = -337*l - 3325. Let j(s) = -3*s**3 - 5*s + 4*s + 8*s**2 + 4*s**3 - 4. What is j(l)?
4
Let v(k) = -2*k**2 - 52*k + 17. Suppose 41*b - 37*b + 2*f = -102, -b = f + 25. Give v(b).
17
Let q(v) = -18*v**2 + 23*v + 4. Let y(b) = -5*b**2 + 6*b + 1. Let i(s) = -q(s) + 4*y(s). Let l = 10 + -2. Let m = -6 + l. What is i(m)?
-6
Let k(b) be the first derivative of -2*b**2 + 2*b - 2. Let d = -9751 - -9747. Calculate k(d).
18
Let q(z) = -9*z + 53. Let s be q(6). Let h(p) be the third derivative of -3*p**5/20 - p**4/24 + 92*p**2. What is h(s)?
-8
Let u(c) = -35*c - 472. Let k(a) = 21*a + 315. Let l(n) = -8*k(n) - 5*u(n). L